{"id":178,"date":"2024-03-15T20:40:17","date_gmt":"2024-03-15T23:40:17","guid":{"rendered":"https:\/\/subastascerveceras.com.ar\/?page_id=178"},"modified":"2024-03-24T13:56:27","modified_gmt":"2024-03-24T16:56:27","slug":"como-funciona","status":"publish","type":"page","link":"https:\/\/subastascerveceras.com.ar\/?page_id=178","title":{"rendered":"C\u00f3mo funciona"},"content":{"rendered":"\n<p class=\"has-black-color has-luminous-vivid-amber-background-color has-text-color has-background has-link-color has-medium-font-size wp-elements-f5ae044fa5abd9afa13dd9095b42c061\"><strong>Subastas Cerveceras<\/strong>\u00a0es un servicio de publicaci\u00f3n de anuncios exclusivos para cerveceros artesanales.-<\/p>\n\n\n\n<p class=\"has-black-color has-luminous-vivid-amber-background-color has-text-color has-background has-link-color has-medium-font-size wp-elements-87c916b82d0aab59556833ca102f4745\"><strong>PASOS a SEGUIR<\/strong> para publicar: 1) Crear un usuario y una contrase\u00f1a. 2) Crear tu anuncio y enviarlo. 3) Habilitamos la publicaci\u00f3n de su\/s anuncio\/s enviados luego de la revisi\u00f3n.-<\/p>\n\n\n\n<p class=\"has-text-align-left has-black-color has-luminous-vivid-amber-background-color has-text-color has-background has-link-color has-medium-font-size wp-elements-da2a3e4e7aa85e6e73b00155a24ceaaa\"><strong>Subastas cerveceras<\/strong>\u00a0no interviene de ninguna manera entre las partes y, por lo tanto, no se responsabiliza de las transacciones que pueda haber entre los usuarios por la utilizaci\u00f3n del servicio, pues las partes se conectan en forma directa y sin nuestra intermediaci\u00f3n.-<\/p>\n\n\n\n<p class=\"has-black-color has-luminous-vivid-amber-background-color has-text-color has-background has-link-color has-medium-font-size wp-elements-17d8da731ee8e2c25072cbe550cb1615\">La simple utilizaci\u00f3n del servicio implica que los usuarios aceptan los&nbsp;<strong><a href=\"https:\/\/permutasinmobiliarias.ar\/?page_id=2645\">T\u00e9rminos y condiciones<\/a><\/strong>&nbsp;del mismo.-<\/p>\n","protected":false},"excerpt":{"rendered":"<p>Subastas Cerveceras\u00a0es un servicio de publicaci\u00f3n de anuncios exclusivos para cerveceros artesanales.- PASOS a SEGUIR para publicar: 1) Crear un usuario y una contrase\u00f1a. 2) Crear tu anuncio y enviarlo. 3) Habilitamos la publicaci\u00f3n de su\/s anuncio\/s enviados luego de la revisi\u00f3n.- Subastas cerveceras\u00a0no interviene de ninguna manera entre las partes y, por lo tanto, [&hellip;]<\/p>\n","protected":false},"author":1,"featured_media":0,"parent":0,"menu_order":0,"comment_status":"closed","ping_status":"closed","template":"","meta":{"footnotes":""},"class_list":["post-178","page","type-page","status-publish","hentry"],"_links":{"self":[{"href":"https:\/\/subastascerveceras.com.ar\/index.php?rest_route=\/wp\/v2\/pages\/178","targetHints":{"allow":["GET"]}}],"collection":[{"href":"https:\/\/subastascerveceras.com.ar\/index.php?rest_route=\/wp\/v2\/pages"}],"about":[{"href":"https:\/\/subastascerveceras.com.ar\/index.php?rest_route=\/wp\/v2\/types\/page"}],"author":[{"embeddable":true,"href":"https:\/\/subastascerveceras.com.ar\/index.php?rest_route=\/wp\/v2\/users\/1"}],"replies":[{"embeddable":true,"href":"https:\/\/subastascerveceras.com.ar\/index.php?rest_route=%2Fwp%2Fv2%2Fcomments&post=178"}],"version-history":[{"count":13,"href":"https:\/\/subastascerveceras.com.ar\/index.php?rest_route=\/wp\/v2\/pages\/178\/revisions"}],"predecessor-version":[{"id":382,"href":"https:\/\/subastascerveceras.com.ar\/index.php?rest_route=\/wp\/v2\/pages\/178\/revisions\/382"}],"wp:attachment":[{"href":"https:\/\/subastascerveceras.com.ar\/index.php?rest_route=%2Fwp%2Fv2%2Fmedia&parent=178"}],"curies":[{"name":"wp","href":"https:\/\/api.w.org\/{rel}","templated":true}]}}